. Suppose i = 4*x + 5*p + 7, 5*x = 3*x + 5*p + 19. What is q(x)?
-5
Let k(b) = -2*b + 2. Let c(v) = -v - 1. Let s(w) = 2*c(w) - 2*k(w). What is s(5)?
4
Let m(v) be the first derivative of 2*v**3/3 - 2*v - 1. Let x = 18 - 15. Suppose -a + 6*a = h - 12, 4*a + 14 = x*h. What is m(a)?
6
Suppose 6*i = 18 - 12. Let v(h) be the first derivative of -7/2*h**2 + i + 5*h + 1/3*h**3. Calculate v(4).
-7
Let j be (-1)/2*(-4 - (6 + -4)). Let n(v) = -v**3 + 2*v**2 + 3*v + 2. What is n(j)?
2
Let y(v) = v**3 - 3*v**2 - 3*v - 3. Suppose -4*z - z = -20. Give y(z).
1
Let l(g) = 7*g**2 - 10*g - 10. Let r(o) = 6*o**2 - 9*o - 9. Let c be (-2)/(-1) - (-6 + 3). Let q(a) = c*l(a) - 6*r(a). Calculate q(5).
-1
Let g = 4 + 4. Suppose -2*h = -3*v - g, h + 0 - 3 = v. Let z(y) = -8*y - 1. Give z(h).
-9
Suppose -3*q = -6*q. Let i(j) = -7 + q*j - j - 3. Calculate i(-5).
-5
Let t(u) = 4*u**3 + 11*u**2 + 3*u - 7. Let g(y) = y**3 + y**2 + y. Let f(o) = 5*g(o) - t(o). Let b = 3 - 1. Let d be (b/(-2) - 0) + 6. Determine f(d).
-8
Suppose -f + 0 + 2 = 0. Let t(i) = 2*i + f + 3 - 2. Let y be 8/28 - (-60)/(-14). Determine t(y).
-5
Let s(c) = -2*c**2 - 11*c + 1. Let x(l) = 2*l**2 + 10*l. Let r(j) = 5*s(j) + 6*x(j). Give r(-4).
17
Let r(p) be the third derivative of -p**4/12 - 2*p**3/3 - 27*p**2. Give r(-4).
4
Let i(d) be the first derivative of d**2/2 - 4*d - 30. Determine i(-5).
-9
Let y(i) = i**3 - 3*i**2 - 4*i + 3. Let u be (4 + 8)*(4/(-6))/(-2). Determine y(u).
3
Let l(f) = 7*f**2 - 12*f**3 + 2 - 3 + 7*f + 13*f**3. Suppose 4*d + 38 = -4*v - 6, v + 4*d + 26 = 0. What is l(v)?
-7
Let d(r) = r - 1. Let g(f) = -f - 8. Let j be g(-9). What is d(j)?
0
Let j(r) = -r - r - 8 + 5 + 0. Determine j(-7).
11
Let l(m) = 3*m + m**2 - 43 + 92 - 50. Calculate l(-5).
9
Suppose -2 = y + 2. Let r(b) be the second derivative of -b**5/20 - b**4/3 + b**3/6 - 2*b**2 + 9*b. Determine r(y).
-8
Let v(g) be the third derivative of g**5/120 - g**4/6 + g**3/2 - g**2. Let k(h) be the first derivative of v(h). Give k(3).
-1
Suppose 2*w = -w - p - 12, 0 = 5*w - 5*p + 20. Let g(x) = -1 + 5*x - x**3 + 0*x + 5 - 3*x**2. Calculate g(w).
0
Let t(l) = l - 5. Let d be t(10). Suppose 4*y - 19 = 3*a - 0, -d*y = -20. Let o(h) = 2*h**3 + 4*h**3 + h**2 - 332*h + 333*h. What is o(a)?
-6
Let m(z) be the second derivative of z**4/12 + 3*z**3/2 + 5*z**2/2 - z. Give m(-7).
-9
Let i(n) = -n - 12. Suppose -11 - 149 = 16*f. What is i(f)?
-2
Let k be ((-4 - 0) + 4)/2. Let p(t) = -t - 16. What is p(k)?
-16
Let g(s) = 4*s - 4 - 2 + s**2 + 3. Let t = -5 + 15. Suppose t = 2*o + 3*o. Give g(o).
9
Let i(s) = 5 + 5*s**2 + s**2 + s - 4 + 4. Let j(n) = -11*n**2 - 2*n - 9. Let y(t) = 5*i(t) + 3*j(t). Give y(-2).
-12
Let g(b) = -b**2 + 3*b - 1. Let w be g(3). Let v(r) be the first derivative of -r + 1/3*r**3 - 1/2*r**2 + 7/4*r**4 + 1. Determine v(w).
-6
Let x(j) = -7*j**2 - 8 + 3*j + 2*j**3 - 12*j - 3*j**3. What is x(-6)?
10
Let z = -10 + 13. Let j(f) = -z*f**3 + 1 + 4*f**3 - 7*f - 7 + 5*f**2. Give j(-6).
0
Let o(m) = 2*m**2 - 45*m - 13. Let z be o(23). Let v(c) = -c - 5. What is v(z)?
-15
Let q(z) = -8*z + 79 - z**3 - 37 - 33 + 8*z**2. What is q(7)?
2
Let w(f) = 7*f**2 + f. Let v be (-2)/(-4)*(-1 - -3). Let h = v - 2. Give w(h).
6
Let t(d) be the second derivative of -d**5/20 + d**4/3 + d**3/3 - 3*d**2 + 2*d. Let x be t(4). Let c(b) = -x*b + 0*b + 0*b - 2. Calculate c(-2).
2
Let t(r) = -r**2 + r. Let y be 4*5/8*-2. Let b be y/2*(-12)/15. Suppose -u + b = -1. What is t(u)?
-6
Let k(h) be the second derivative of h**6/240 + h**5/30 + 5*h**4/12 + 6*h. Let p(w) be the third derivative of k(w). Give p(-3).
-5
Let n(y) be the first derivative of -y**2/2 + 9*y + 6. Give n(6).
3
Let q be 176/(-10) + (-18)/(-30). Let x = -23 - q. Let i(l) = 2*l + 1. What is i(x)?
-11
Let f(u) = -u - 2. Let w be f(0). Let m(t) be the third derivative of -t**4/6 + 2*t**2. Give m(w).
8
Suppose 2*v + 3 = 27. Let p = -7 - -12. Suppose -v = t - p*t. Let o(b) = b**2 - 5*b + 4. Calculate o(t).
-2
Let q = -3 - -9. Let u(z) = -z**3 - z**2 + z - 1. Let c(w) = -w**3 - 5*w**2 + 5*w - 6. Let d(m) = q*u(m) - c(m). Determine d(1).
-5
Let d(n) = -3*n - 1. Suppose -6 = 3*a, 5*o = 3*o - 5*a - 12. Determine d(o).
2
Let a(q) = q**2 + 6*q - 6. Let y(k) = -3*k - 3. Let o be y(-2). Suppose 5 = -4*l + o*l. Give a(l).
-11
Let r(u) = u - 3. Let y(b) = b + 13. Let i be y(-10). Calculate r(i).
0
Let c(g) = -g**2 - g + 1. Let z be 9/(-4) + (-4)/(-16). Determine c(z).
-1
Let x = -6 - -8. Let g(d) = -d**3 - 3*d + 6*d**x - d**3 + d**3 - d. Suppose -2*m = 5*a - 4*m - 15, 0 = 3*a - 3*m. What is g(a)?
5
Suppose 2*b = -2*b - 36. Let n = b - -7. Let t be (-38)/8 - n/(-8). Let p(d) = -2*d + 2. What is p(t)?
12
Let t(c) = 2*c**2 + 8*c**2 - 2*c + c**3 + 6*c**3 - 4*c**2 - 1. Let u(b) = b**3 + b**2. Let w(l) = -t(l) + 6*u(l). Determine w(-2).
5
Let z(y) = -10*y**2 - y. Let g = -2 + 1. What is z(g)?
-9
Let a(g) be the first derivative of -2*g**2 + 10*g - 7. Determine a(7).
-18
Suppose -z - 97 = -3*q, 5*q - 5*z = q + 144. Suppose -r - 30 = -q. Let a(s) = 5*s**2 - s. What is a(r)?
4
Let i(p) = 57*p - 2 - 112*p + 54*p. Determine i(-1).
-1
Let i be 1 + -7 + 6 + -2. Let y(b) = -b**3 - 4*b**2 + 7*b - 6. Let t(v) = -v**2 + v - 1. Let l(w) = 5*t(w) - y(w). What is l(i)?
-7
Let w(v) = v + 5. Let n be w(-8). Let k(g) = -g**3 - g**2 + g - 2. Calculate k(n).
13
Let j(g) = 9*g**3 + 12*g**2 - 23*g - 9. Let q = -8 + 2. Let a(z) = 5*z**3 + 6*z**2 - 12*z - 5. Let v(i) = q*j(i) + 11*a(i). Give v(5).
4
Let v(n) = 6*n - 44. Let b be v(6). Let r(o) = o + 3. What is r(b)?
-5
Let q be (6/(-4))/((-12)/32). Let g(a) = 4*a - 3*a + 6 - q. Let k be 1/4 - (-63)/(-12). Determine g(k).
-3
Let q(i) = -i**2 - i + 3. Let b(a) = -a**2 - 2*a + 2. Let f(x) = 5*b(x) - 4*q(x). Suppose -4*y + 13 + 7 = 0. Suppose -7 = y*z + 13. Calculate f(z).
6
Let q = 6 - 4. Let n(w) = w + 1 - 2*w + q*w. Calculate n(-2).
-1
Suppose -5*b + 4 = -3*b. Let h(l) = l**3 - 4*l - 7. Let v(y) = y + 1. Let m(z) = 2*z + 18. Let j be m(-12). Let u(w) = j*v(w) - h(w). Give u(b).
-11
Let x(r) = -8*r + 1. Let v = -1 - -3. Suppose 3*y - 1 = v. Determine x(y).
-7
Suppose 0 = -f - 0*f. Suppose t + 22 = 3*x, -3*t = -2*x - 11 + 28. Let l(r) = -x - r - 1 - 3 + 5. Calculate l(f).
-6
Let d(s) = -s**2 - 5*s + 3. Suppose -16 = 4*r - c + 4, 4*r + 20 = 2*c. What is d(r)?
3
Let z(b) be the second derivative of b**6/180 - b**3/3 - 5*b. Let t(j) be the second derivative of z(j). Give t(-1).
2
Suppose 5*u + 0*u + 60 = 0. Let t = u - -13. Let i(f) = -8*f**3. What is i(t)?
-8
Let n(k) be the first derivative of -3*k**2/2 - 2*k + 36. Give n(-3).
7
Let u(y) = 9*y + 7*y - 7*y + 3 + y**2. What is u(-6)?
-15
Let n(l) = -l**3 - 2*l**2 + 2*l - 4. Let j be n(-4). Suppose 4*d = -j + 8. Let f(z) be the third derivative of z**6/120 + z**5/15 - z**3/6 + 4*z**2. Give f(d).
8
Let p(t) be the third derivative of 0*t - 5/24*t**4 + 0 + t**2 + 1/60*t**5 - 5/6*t**3. Let m(a) = -a + 3. Let k be m(-3). Determine p(k).
1
Let f(m) = 2*m. Let a be f(3). Let u(z) = -z + 2*z - 5 + 2*z**3 - z**3 + a - 3*z**2. What is u(2)?
-1
Let o(l) = l + 17. Let t(y) = -y - 16. Let p(b) = 4*o(b) + 5*t(b). Give p(-6).
-6
Let d(x) = -9*x**3 + x**2 - x. Suppose 5*r + 0*r - 5 = 0. Suppose -3*l - r + 4 = 0. Calculate d(l).
-9
Suppose 52*m - 55*m - 12 = 0. Let p(x) = -x**3 - 6*x**2 - 5*x - 3. Calculate p(m).
-15
Let w = -14 + 20. Let o = w + -3. Let t(v) = -4*v**o + 0*v**3 + 3*v**3 - 3*v**2 - v. Determine t(-3).
3
Let h(g) = g**3 + 2 + 4*g**2 - 2*g**3 + 1 - 2*g. Suppose 0 = y + n - 5, 0 = -4*y - 3*n + 2*n + 17. Calculate h(y).
-5
Let g(x) = -5*x. Let y(h) = 14*h. Let z(a) = -11*g(a) - 4*y(a). What is z(-6)?
6
Let i(q) be the third derivative of q**4/24 + q**3/6 + q**2. Suppose 0 = 2*f - 28 - 0. Let z(p) = 8*p + 6. Let u(m) = f*i(m) - 2*z(m). What is u(2)?
-2
Suppose 5*o = 8*o. Let j(v) be the second derivative of -1/6*v**4 + o - v**2 - 2*v + 2/3*v**3 + 1/20*v**5. What is j(2)?
6
Let p(l) = l**3 - 8*l**2 + 9*l - 9. Let f(n) = n**2 + 2*n - 17. Let r be f(-6). Give p(r).
5
Let k(o) be the first derivative of o**4/4 - 2*o**3/3 + o**2 - o - 9. Calculate k(2).
3
Let f(b) = -1. Let c(q) = -q + 2. Let m(n) = c(n) + 4*f(n). Let l = -93 + 88. Calculate m(l).
3
Let x(w) = -w - 5. Suppose 5*s + 2*i = -15, 0*i = 3*s - i + 20. What is x(s)?
0
Let s(i) = 3*i